{"id":5584,"date":"2022-04-08T06:39:14","date_gmt":"2022-04-08T06:39:14","guid":{"rendered":"https:\/\/nmsorth.ac.at\/?page_id=5584"},"modified":"2022-08-21T17:03:22","modified_gmt":"2022-08-21T17:03:22","slug":"informatik","status":"publish","type":"page","link":"https:\/\/nmsorth.ac.at\/?page_id=5584","title":{"rendered":"Informatik"},"content":{"rendered":"<p>Die Informatik ist als Schwerpunkt bereits seit 2003\/04 an der Mittelschule Orth\/D. verankert. Dies ist daraus resultiert, dass man schon fr\u00fch deren Wichtigkeit erkannt hat und die Grundphilosophie der Schule lautet, die Sch\u00fcler*innen bestm\u00f6glich auf ihren weiteren Weg vorzubereiten. Dazu geh\u00f6rt in einer Umwelt, in der Medien dauernd pr\u00e4sent sind, dass <em><strong>\u00fcber \u2013 mit \u2013 trotz<\/strong><\/em> <strong>digitaler Medien gelernt<\/strong> wird.<\/p>\n<p>Sch\u00fcler*innen werden bef\u00e4higt digital zu arbeiten, zu kommunizieren, sich zu pr\u00e4sentieren und Social Media Netzwerke sicher zu nutzen, immer mit dem Ziel situationsabh\u00e4ngig den bestm\u00f6glichen Nutzen aus der Digitalisierung zu ziehen und die Lernqualit\u00e4t zu steigern. Sch\u00fcler*innen erwerben dadurch eine Daten-, Medien- und Informationskompetenz, welche zahlreiche Wege f\u00fcr den weiteren Lebensweg er\u00f6ffnen.<\/p>\n","protected":false},"excerpt":{"rendered":"<p>Die Informatik ist als Schwerpunkt bereits seit 2003\/04 an der Mittelschule Orth\/D. verankert. Dies ist daraus resultiert, dass man schon fr\u00fch deren Wichtigkeit erkannt hat und die Grundphilosophie der Schule lautet, die Sch\u00fcler*innen bestm\u00f6glich auf ihren weiteren Weg vorzubereiten. Dazu geh\u00f6rt in einer Umwelt, in der Medien dauernd pr\u00e4sent sind, dass \u00fcber \u2013 mit \u2013&hellip;<\/p>\n","protected":false},"author":1,"featured_media":0,"parent":0,"menu_order":0,"comment_status":"closed","ping_status":"closed","template":"","meta":{"ngg_post_thumbnail":0,"footnotes":""},"class_list":["post-5584","page","type-page","status-publish","hentry","description-off"],"_links":{"self":[{"href":"https:\/\/nmsorth.ac.at\/index.php?rest_route=\/wp\/v2\/pages\/5584","targetHints":{"allow":["GET"]}}],"collection":[{"href":"https:\/\/nmsorth.ac.at\/index.php?rest_route=\/wp\/v2\/pages"}],"about":[{"href":"https:\/\/nmsorth.ac.at\/index.php?rest_route=\/wp\/v2\/types\/page"}],"author":[{"embeddable":true,"href":"https:\/\/nmsorth.ac.at\/index.php?rest_route=\/wp\/v2\/users\/1"}],"replies":[{"embeddable":true,"href":"https:\/\/nmsorth.ac.at\/index.php?rest_route=%2Fwp%2Fv2%2Fcomments&post=5584"}],"version-history":[{"count":4,"href":"https:\/\/nmsorth.ac.at\/index.php?rest_route=\/wp\/v2\/pages\/5584\/revisions"}],"predecessor-version":[{"id":6946,"href":"https:\/\/nmsorth.ac.at\/index.php?rest_route=\/wp\/v2\/pages\/5584\/revisions\/6946"}],"wp:attachment":[{"href":"https:\/\/nmsorth.ac.at\/index.php?rest_route=%2Fwp%2Fv2%2Fmedia&parent=5584"}],"curies":[{"name":"wp","href":"https:\/\/api.w.org\/{rel}","templated":true}]}}